factor of 2054757404?
True
Is 14740654 a multiple of 10?
False
Is 41617669 a multiple of 57?
False
Does 12 divide 4513560?
True
Does 3 divide 5608419?
True
Does 104 divide 8112672?
False
Is 184832840 a multiple of 1445?
True
Is 164 a factor of 1208047452?
True
Is 639990 a multiple of 6?
True
Is 4069510 a multiple of 10?
True
Is 6 a factor of 14741523?
False
Does 31 divide 1568495902?
True
Is 804 a factor of 2226835519?
False
Is 105066573 a multiple of 2299?
False
Is 116847616 a multiple of 3392?
True
Is 27 a factor of 5413554754?
False
Is 183473494 a multiple of 1123?
True
Does 661 divide 59135084?
False
Does 552 divide 109125898?
False
Is 5 a factor of 18778899?
False
Does 2171 divide 66851603?
True
Is 13345699 a multiple of 5?
False
Is 689600816 a multiple of 2264?
True
Does 15 divide 2993714880?
True
Is 16 a factor of 172554768?
True
Does 647 divide 177105898?
True
Is 1198 a factor of 40881559?
False
Is 76896156 a multiple of 272?
False
Is 360622902 a multiple of 82?
False
Is 1847610674 a multiple of 7?
True
Is 47499577 a multiple of 2451?
False
Does 186 divide 15612249?
False
Does 155 divide 8235615?
True
Does 71 divide 8453473?
True
Is 9 a factor of 1996118366?
False
Is 15 a factor of 486639705?
True
Is 142713272 a multiple of 968?
False
Is 42307664 a multiple of 1989?
False
Does 4652 divide 76027636?
True
Is 110254761 a multiple of 86?
False
Does 356 divide 230820432?
True
Does 9 divide 301455918?
True
Does 1050 divide 470014650?
True
Is 7355 a factor of 812894979?
False
Does 129 divide 261928308?
True
Is 35 a factor of 69120205?
True
Is 6 a factor of 129283962?
True
Is 2177 a factor of 394890850?
False
Does 10 divide 7231003?
False
Does 120 divide 8947198?
False
Is 90554056 a multiple of 72?
False
Is 53 a factor of 330527292?
True
Does 819 divide 536553108?
True
Is 24539073 a multiple of 31?
True
Does 50 divide 46472800?
True
Is 206 a factor of 3046414314?
True
Is 30819878 a multiple of 19?
False
Does 15 divide 634947000?
True
Is 31 a factor of 70508849?
True
Is 1123 a factor of 9261381?
True
Is 98 a factor of 84288342?
False
Is 67603520 a multiple of 320?
True
Is 90466557 a multiple of 18?
False
Does 81 divide 12727044?
True
Is 88453863 a multiple of 90?
False
Does 24 divide 28841?
False
Does 1183 divide 314916966?
True
Does 303 divide 2539858716?
True
Is 703974906 a multiple of 1840?
False
Is 274532544 a multiple of 108?
True
Is 1028711616 a multiple of 1704?
True
Does 4074 divide 408784307?
False
Does 8 divide 73811024?
True
Does 35 divide 50039360?
True
Is 50 a factor of 142358900?
True
Is 1864716 a multiple of 237?
True
Is 2192284 a multiple of 25?
False
Is 8 a factor of 79626456?
True
Is 171103011 a multiple of 51?
True
Does 9 divide 122444824?
False
Is 10 a factor of 112383610?
True
Does 73 divide 53682639?
False
Is 2749471 a multiple of 19?
True
Is 52 a factor of 35136360?
False
Does 2037 divide 35445837?
True
Does 1750 divide 210159250?
True
Does 146 divide 57021949?
False
Is 32113152 a multiple of 2484?
True
Is 711911739 a multiple of 67?
False
Does 293 divide 6849461?
True
Does 22 divide 21686560?
False
Does 22 divide 89492656?
True
Does 9 divide 82576458?
True
Is 23004445 a multiple of 223?
False
Is 369198270 a multiple of 80?
False
Does 7 divide 42123263?
True
Is 24 a factor of 143494800?
True
Is 24374444 a multiple of 9?
False
Is 332407908 a multiple of 28?
True
Is 9881923 a multiple of 103?
True
Is 1777254672 a multiple of 24?
True
Does 18 divide 3249380304?
True
Is 14 a factor of 32062127?
False
Is 120489069 a multiple of 26?
False
Does 8 divide 106813422?
False
Does 6109 divide 2384257174?
True
Does 145 divide 207386419?
False
Does 13 divide 1585983360?
True
Is 59941320 a multiple of 12?
True
Is 10925448 a multiple of 10?
False
Does 101 divide 71756747?
False
Is 126992753 a multiple of 618?
False
Does 5 divide 15883674?
False
Is 67634116 a multiple of 2486?
True
Is 33 a factor of 107203332?
False
Is 475 a factor of 68466747?
False
Does 234 divide 614003832?
True
Does 865 divide 302092776?
False
Is 200572825 a multiple of 261?
False
Is 267206112 a multiple of 72?
True
Is 33754841 a multiple of 4567?
False
Does 4 divide 6064700?
True
Is 17389954 a multiple of 4?
False
Does 50 divide 9044819?
False
Does 9 divide 2573632114?
False
Is 20728763 a multiple of 15?
False
Does 69 divide 60061283?
False
Does 1549 divide 89640630?
True
Is 907 a factor of 535327346?
False
Does 14 divide 15282330?
True
Does 1312 divide 1073536128?
True
Is 42278491 a multiple of 771?
False
Is 4901408 a multiple of 16?
True
Does 9 divide 25303922?
False
Does 75 divide 647205064?
False
Does 1929 divide 92501337?
True
Is 62 a factor of 670164?
False
Does 6 divide 70315655?
False
Is 28803656 a multiple of 581?
True
Is 373935128 a multiple of 13736?
True
Is 186 a factor of 2261963112?
True
Is 15612216 a multiple of 6?
True
Does 2 divide 21810286?
True
Does 63 divide 18973647?
True
Does 1314 divide 17014059?
False
Is 201680358 a multiple of 186?
True
Is 548 a factor of 71737584?
True
Is 23142277 a multiple of 375?
False
Is 852 a factor of 9769032?
True
Does 15 divide 1007691586?
False
Is 32060088 a multiple of 18?
True
Does 3 divide 66964415?
False
Does 309 divide 1251023580?
True
Is 150 a factor of 933110469?
False
Is 51 a factor of 2190348?
True
Does 43 divide 85961429?
True
Is 952 a factor of 2262142?
False
Is 348465333 a multiple of 7?
False
Is 394 a factor of 300612382?
False
Is 10411625 a multiple of 7?
True
Does 15 divide 1049867110?
False
Does 1278 divide 10973994?
False
Is 553 a factor of 2208250107?
True
Is 689555201 a multiple of 2?
False
Does 216 divide 1556064?
True
Does 10 divide 2477730?
True
Does 56 divide 217616?
True
Is 529 a factor of 6900812?
False
Is 17975931 a multiple of 4?
False
Is 88 a factor of 13915264?
True
Is 1936 a factor of 6007408?
True
Is 2874 a factor of 366916237?
False
Is 48 a factor of 744793571?
False
Is 557277428 a multiple of 482?
False
Is 133254145 a multiple of 246?
False
Is 27 a factor of 8343459?
True
Does 514 divide 118275024?
False
Is 11 a factor of 68217627?
False
Does 55 divide 58651263?
False
Is 77 a factor of 38585882?
False
Is 16261389 a multiple of 30?
False
Does 10 divide 12742952?
False
Is 854548878 a multiple of 22?
False
Is 536 a factor of 36156952?
True
Is 190272697 a multiple of 67?
True
Is 63 a factor of 333961614?
True
Is 3395 a factor of 240579885?
True
Is 931 a factor of 310788768?
False
Is 121194627 a multiple of 11351?
True
Is 29117211 a multiple of 15?
False
Is 17497810 a multiple of 5?
True
Does 6 divide 270432566?
False
Is 1562 a factor of 15057680?
True
Is 169913763 a multiple of 9?
True
Is 13 a factor of 8079319?
False
Is 1132 a factor of 17593917?
False
Is 25591971 a multiple of 98?
False
Is 3 a factor of 443202?
True
Does 380 divide 16998958?
False
Is 54 a factor of 45033828?
False
Does 8 divide 33320528?
True
Is 160599220 a multiple of 1202?
True
Is 576 a factor of 573287040?
True
Is 69 a factor of 150679696?
False
Is 924990300 a multiple of 6570?
True
Does 76 divide 2986922?
False
Does 137 divide 138958611?
False
Does 4957 divide 809793959?
False
Does 337 divide 8512700287?
False
Is 318286973 a multiple of 1589?
False
Is 6677781060 a multiple of 10?
True
Is 4456 a factor of 638353192?
True
Is 3113 a factor of 231454663?
True
Is 3261 a factor of 771322696?
False
Is 29 a factor of 1147753706?
True
Does 281 divide 10480475?
False
Is 8 a factor of 2510576?
True
Is 394030752 a multiple of 670?
False
Is 182271887 a multiple of 1267?
True
Is 714860378 a multiple of 6860?
False
Is 23 a factor of 228507572?
False
Is 158930372 a multiple of 4678?
True
Is 269813592 a multiple of 81?
True
Is 780800695 a multiple of 11605?
False
Does 3545 divide 908891915?
True
Is 319189248 a multiple of 2688?
True
Is 16921305 a multiple of 9?
True
Does 19 divide 17051579?
False
Is 5410 a factor of 1160898242?
False
Is 11 a factor of 199199341?
True
Is 97725295 a multiple of 6?
False
Does 2365 divide 8700835?
True
Does 22 divide 78058899?
False
Is 6352344 a multiple of 36?
True
Does 512 divide 49860495?
False
Does 53 divide 1173202117?
True
Does 4 divide 1323829638?
False
Is 138516000 a multiple of 105?
True
Is 2188 a factor of 3604966388?
False
Is 11874120 a multiple of 15?
True
Does 1524 divide 825643532?
Fa